{"id":947,"date":"2018-06-14T22:24:48","date_gmt":"2018-06-14T22:24:48","guid":{"rendered":"http:\/\/luft-und-klimatechnik.lacuna-air.de\/?post_type=product&#038;p=947"},"modified":"2018-06-14T23:35:27","modified_gmt":"2018-06-14T23:35:27","slug":"luftklimageraete-mandik-kopie","status":"publish","type":"product","link":"https:\/\/www.lacuna-air.de\/?product=luftklimageraete-mandik-kopie","title":{"rendered":"Luftklimager\u00e4te MAND\u00cdK"},"content":{"rendered":"<p><strong>Technische Dokumentation:<\/strong><\/p>\n<p><a href=\"http:\/\/luft-und-klimatechnik.lacuna-air.de\/wp-content\/uploads\/2018\/06\/Luftklimager\u00e4te-Technische-Dokumentarion.pdf\">Luftklimager\u00e4te Technische Dokumentation<\/a><br \/>\n<a href=\"http:\/\/luft-und-klimatechnik.lacuna-air.de\/wp-content\/uploads\/2018\/06\/Luftklimager\u00e4te-mit-warmepumpe-Data-sheet.pdf\">Luftklimager\u00e4te mit W\u00e4rmepumpe Data sheet<\/a><\/p>\n<p>&nbsp;<\/p>\n<p><strong>Zertifikate und Erkl\u00e4rungen:<br \/>\n<\/strong><br \/>\n<a href=\"http:\/\/luft-und-klimatechnik.lacuna-air.de\/wp-content\/uploads\/2018\/06\/Luftklimagerate-mit-Warmepumpe-Zertifikat.pdf\">Luftklimager\u00e4te mit W\u00e4rmepumpe &#8211; Zertifikat<\/a><br \/>\n<a href=\"http:\/\/luft-und-klimatechnik.lacuna-air.de\/wp-content\/uploads\/2018\/06\/Luftklimagerate-mit-Warmepumpe-Zertifikat-EUROVENT.pdf\">Luftklimager\u00e4te mit W\u00e4rmepumpe &#8211; Zertifikat-EUROVENT (EN)<\/a><br \/>\n<a href=\"http:\/\/luft-und-klimatechnik.lacuna-air.de\/wp-content\/uploads\/2018\/06\/Luftklimagerate-mit-Warmepumpe-TUV-SUD-Zertifikat.pdf\">Luftklimager\u00e4te-mit-Warmepumpe &#8211; TUV-SUD-Zertifikat<\/a><br \/>\n<a href=\"http:\/\/luft-und-klimatechnik.lacuna-air.de\/wp-content\/uploads\/2018\/06\/Luftklimager\u00e4te-mit-W\u00e4rmepumpe-T\u00dcV-RLT-Richtlinie-Zertifizierung-Zertifikat-der-Energieeffizienz.pdf\">Luftklimager\u00e4te mit W\u00e4rmepumpe &#8211; T\u00dcV RLT-Richtlinie Zertifizierung Zertifikat der Energieeffizienz<\/a><br \/>\n<a href=\"http:\/\/luft-und-klimatechnik.lacuna-air.de\/wp-content\/uploads\/2018\/06\/Elektromagnetische-Vertraglichkeit-Zertifikat-EMC.pdf\">Luftklimager\u00e4te mit W\u00e4rmepumpe &#8211; Elektromagnetische-Vertraglichkeit-Zertifikat-EMC<\/a><br \/>\nLuftklimager\u00e4te mit W\u00e4rmepumpe &#8211;\u00a0<a href=\"http:\/\/luft-und-klimatechnik.lacuna-air.de\/wp-content\/uploads\/2018\/06\/Niederspannungsrichtlinie-Zertifikat-LVD.pdf\">Niederspannungsrichtlinie-Zertifikat-LVD<\/a><br \/>\n<a href=\"http:\/\/luft-und-klimatechnik.lacuna-air.de\/wp-content\/uploads\/2018\/06\/hygienezertifikat_kjm.pdf\">Luftklimager\u00e4te mit W\u00e4rmepumpe &#8211; Hygienezertifikat<\/a><br \/>\n<a href=\"http:\/\/luft-und-klimatechnik.lacuna-air.de\/wp-content\/uploads\/2018\/06\/hygienezertifikat_ONORM-H6020.pdf\">Luftklimager\u00e4te mit W\u00e4rmepumpe &#8211; Hygienezertifikat_\u00d6NORM-H6020<\/a><br \/>\n<a href=\"http:\/\/luft-und-klimatechnik.lacuna-air.de\/wp-content\/uploads\/2018\/06\/Luftklimagerate-mit-Warmepumpe-Leistunserklaerung.pdf\">Luftklimagerate-mit-Warmepumpe-Leistungserklaerung<\/a><\/p>\n<h4><\/h4>\n<h4><strong>A<\/strong><strong>nleitung und Anderes:<\/strong><\/h4>\n<p><a href=\"http:\/\/luft-und-klimatechnik.lacuna-air.de\/wp-content\/uploads\/2018\/06\/installationsanleitung_KJM.pdf\">Luftklimager\u00e4te mit W\u00e4rmepumpe Installationsanleitung<\/a><br \/>\n<a href=\"http:\/\/luft-und-klimatechnik.lacuna-air.de\/wp-content\/uploads\/2018\/06\/Bedingungen-zur-Inbetriebnahme.pdf\">Luftklimager\u00e4te mit W\u00e4rmepumpe &#8211; Bedingungen zur Inbetriebnahme<\/a><br \/>\n<a href=\"http:\/\/luft-und-klimatechnik.lacuna-air.de\/wp-content\/uploads\/2018\/06\/kurzanleitung_VLT_FC_51-DAnfoss.pdf\">Luftklimager\u00e4te mit W\u00e4rmepumpe &#8211; Kurzanleitung VLT FC 51 Danfoss<\/a><br \/>\n<a href=\"http:\/\/luft-und-klimatechnik.lacuna-air.de\/wp-content\/uploads\/2018\/06\/Luftklimager\u00e4te-mit-W\u00e4rmepumpe-Kurzanleitung-VLT-\u00ae-HVAC-Basic-Drive-FC-101-Danfoss.pdf\">Luftklimager\u00e4te mit W\u00e4rmepumpe &#8211; Kurzanleitung-VLT-\u00ae-HVAC-Basic-Drive-FC-101-Danfoss<\/a><br \/>\n<a href=\"http:\/\/luft-und-klimatechnik.lacuna-air.de\/wp-content\/uploads\/2018\/06\/Luftklimager\u00e4te-Anleitung-VLT-Micro-Drive-FC-51-Danfoss.pdf\">Luftklimager\u00e4te mit W\u00e4rmepumpe Anleitung-VLT-Micro-Drive-FC-51-Danfoss<\/a><br \/>\n<a href=\"http:\/\/luft-und-klimatechnik.lacuna-air.de\/wp-content\/uploads\/2018\/06\/Luftklimagerate-mit-Warmepumpe-Anleitung-VLT-Micro-Drive-FC-102-Danfoss.pdf\">Luftklimagerate mit Warmepumpe-Anleitung-VLT-Micro-Drive-FC-102-Danfoss<\/a><br \/>\n<a href=\"http:\/\/luft-und-klimatechnik.lacuna-air.de\/wp-content\/uploads\/2018\/06\/Luftlklimager\u00e4te-mit-W\u00e4rmepumpe-Siemens-Steuerung.pdf\">Luftlklimager\u00e4te mit W\u00e4rmepumpe &#8211; Anleitung Siemens Steuerung<\/a><\/p>\n<p>&nbsp;<\/p>\n","protected":false},"excerpt":{"rendered":"<h3>mit integrierter W\u00e4rmepumpe<\/h3>\n<p>Modular aufgebaute Luftklimager\u00e4te bestimmt f\u00fcr zentrale Verteilung und Behandlung von Luft in industriellen und kommerziellen Anwendungen. Die Einheiten beinhalten einen hoch effizienten W\u00e4rmetauscher f\u00fcr W\u00e4rmer\u00fcckgewinnung und einen integrierten K\u00e4ltekreislauf mit oder ohne reversiblen Betrieb f\u00fcr zus\u00e4tzliche Luftabk\u00fchlung, m\u00f6glicherweise zus\u00e4tzliche Lufterw\u00e4rmung der Zuluft. Sorgen f\u00fcr Bef\u00f6rderung und Behandlung der Luft und das bei hohen Anspr\u00fcchen an die Betriebseffektivit\u00e4t verbunden mit niedrigen Betriebskosten. Werden f\u00fcr Luftleistungen von 500 bis 25 000 m<sup>3<\/sup>\/h gebaut. Die Einheiten sind komplett gebaut und zertifiziert in einer einzigartigen selbsttragenden Ausf\u00fchrung. Hohe Variabilit\u00e4t in der Ausf\u00fchrung macht es m\u00f6glich massgeschnittene L\u00f6sungen anzubieten.<\/p>\n<p><img loading=\"lazy\" class=\"alignnone size-full wp-image-918\" src=\"http:\/\/luft-und-klimatechnik.lacuna-air.de\/wp-content\/uploads\/2018\/06\/EUROVENT.png\" alt=\"\" width=\"233\" height=\"80\" \/> <img loading=\"lazy\" class=\"alignnone size-medium wp-image-919\" src=\"http:\/\/luft-und-klimatechnik.lacuna-air.de\/wp-content\/uploads\/2018\/06\/EUROVENT_energeticky_stitek.png\" alt=\"\" width=\"80\" height=\"80\" \/><br \/>\n<img loading=\"lazy\" class=\"alignnone size-full wp-image-920\" src=\"http:\/\/luft-und-klimatechnik.lacuna-air.de\/wp-content\/uploads\/2018\/06\/RLT.png\" alt=\"\" width=\"89\" height=\"80\" \/> <img loading=\"lazy\" class=\"alignnone size-medium wp-image-921\" src=\"http:\/\/luft-und-klimatechnik.lacuna-air.de\/wp-content\/uploads\/2018\/06\/RLT_A.jpg\" alt=\"\" width=\"71\" height=\"80\" \/> <img loading=\"lazy\" class=\"alignnone size-medium wp-image-922\" src=\"http:\/\/luft-und-klimatechnik.lacuna-air.de\/wp-content\/uploads\/2018\/06\/RLT_A_plus.jpg\" alt=\"\" width=\"72\" height=\"80\" \/> <img loading=\"lazy\" class=\"alignnone size-medium wp-image-923\" src=\"http:\/\/luft-und-klimatechnik.lacuna-air.de\/wp-content\/uploads\/2018\/06\/RLT_B.jpg\" alt=\"\" width=\"71\" height=\"80\" \/><\/p>\n<ul>\n<li>Luftleistungen von 500 bis 25 000 m<sup>3<\/sup>\/h<\/li>\n<li>Quadratischer oder rechteckiger Querschnitt<\/li>\n<li>Entwurf gem\u00e4\u00df Verordnung zur \u00d6KODESIGN-Richtlinie der EU 1253\/2014, ErP 2016, ErP 2018<\/li>\n<li>Parameter der Verkleidungsplatten des Ger\u00e4tes nach der Norm EN 1886 \u2013 gepr\u00fcft von T\u00dcV S\u00dcD M\u00fcnchen<\/li>\n<li>Zertifikation EUROVENT und Auslegung bis Energieeffizienzklasse A+ und Ausstellung der Energieeffizienzlabel<\/li>\n<li>Zertifikation gem\u00e4\u00df Forderung des deutschen Herstellerverbandes RLT-Ger\u00e4te, M\u00f6glichkeit der Auslegung bis Energieeffizienzklasse A+ und Ausstellung der Energieeffizienzlabel von zertifizierter Deutschen Gesellschaft T\u00dcV S\u00dcD Industrie Service GmbH<\/li>\n<li>Standardm\u00e4\u00dfige Konfiguration \u2013 Zuluft- und Abluftteil \u00fcber\/nebeneinander<\/li>\n<li>Innen-\/Au\u00dfenausf\u00fchrung oder hygienische Ausf\u00fchrung<\/li>\n<li>M\u00f6glichkeit der Wahl von der Oberfl\u00e4chenbehandlung mit Pulverbeschichtung \u2013 Innen-\/Au\u00dfenteile der Verkleidung und Blechteile der Einbauten<\/li>\n<li>Saubere ebene Innenoberfl\u00e4che schon in der Standardausf\u00fchrung ohne zus\u00e4tzliche Montageaufw\u00e4nde<\/li>\n<li>Komplett verbundener und lauff\u00e4higer integrierter K\u00e4ltekreislauf mit oder ohne reversiblen Betrieb<\/li>\n<li>M\u00f6glichkeit einer Wahl von bivalenter W\u00e4rmequelle in extremen Bedingungen \u2013 Wasser, Dampf oder Gaserhitzer<\/li>\n<li>K\u00e4ltekreislauf kann f\u00fcr umweltfreundliche K\u00e4ltemittel R410A oder R407C berechnet werden<\/li>\n<li>Teil der Lieferung ist ein funktionsf\u00e4higes MSR-System auf der Carel oder Siemens Climatix Plattform<\/li>\n<li>Betonung auf hochwertige Verarbeitungsqualit\u00e4t und Preis\/Leistung Verh\u00e4ltnis<\/li>\n<li>Regelm\u00e4\u00dfige \u00dcberpr\u00fcfung der Qualit\u00e4t und Zertifizierungen der eingekauften Teile<\/li>\n<li>Service und Montage-Freundlichkeit<\/li>\n<\/ul>\n","protected":false},"featured_media":948,"template":"","meta":[],"product_cat":[39,50],"product_tag":[],"_links":{"self":[{"href":"https:\/\/www.lacuna-air.de\/index.php?rest_route=\/wp\/v2\/product\/947"}],"collection":[{"href":"https:\/\/www.lacuna-air.de\/index.php?rest_route=\/wp\/v2\/product"}],"about":[{"href":"https:\/\/www.lacuna-air.de\/index.php?rest_route=\/wp\/v2\/types\/product"}],"wp:featuredmedia":[{"embeddable":true,"href":"https:\/\/www.lacuna-air.de\/index.php?rest_route=\/wp\/v2\/media\/948"}],"wp:attachment":[{"href":"https:\/\/www.lacuna-air.de\/index.php?rest_route=%2Fwp%2Fv2%2Fmedia&parent=947"}],"wp:term":[{"taxonomy":"product_cat","embeddable":true,"href":"https:\/\/www.lacuna-air.de\/index.php?rest_route=%2Fwp%2Fv2%2Fproduct_cat&post=947"},{"taxonomy":"product_tag","embeddable":true,"href":"https:\/\/www.lacuna-air.de\/index.php?rest_route=%2Fwp%2Fv2%2Fproduct_tag&post=947"}],"curies":[{"name":"wp","href":"https:\/\/api.w.org\/{rel}","templated":true}]}}