{"id":792,"date":"2018-06-13T16:25:35","date_gmt":"2018-06-13T16:25:35","guid":{"rendered":"http:\/\/luft-und-klimatechnik.lacuna-air.de\/?post_type=product&#038;p=792"},"modified":"2018-06-13T16:59:33","modified_gmt":"2018-06-13T16:59:33","slug":"rktm","status":"publish","type":"product","link":"https:\/\/www.lacuna-air.de\/?product=rktm","title":{"rendered":"RKTM Regelklappe"},"content":{"rendered":"<h4><strong>Technische Dokumentation:<\/strong><\/h4>\n<p><a href=\"http:\/\/luft-und-klimatechnik.lacuna-air.de\/wp-content\/uploads\/2018\/06\/RKTM-Technische-Dokumentation.pdf\">RKTM Technische Dokumentation<\/a><\/p>\n","protected":false},"excerpt":{"rendered":"<h3>Mit Dichtung<\/h3>\n<p><strong>RKTM<\/strong>\u00a0\u2013 die vierseitig dicht schlie\u00dfbare Regelklappe dient zur Regulierung des Luftstromes oder zur dichten Schlie\u00dfung in einem L\u00fcftungskanal mittels Verengung des Querschnitts durch gegenl\u00e4ufige Klappenbl\u00e4tter. Die Klappenbl\u00e4tter sind mit einer Silikondichtung versehen.<\/p>\n<ul class=\"first\">\n<li>Regulierung und Schlie\u00dfung des Luftdurchflusses<\/li>\n<li>Bedienung \u2013 manuell oder mittels Servoantriebs<\/li>\n<li>Abmessung der Klappe von\u00a0200 \u00d7 200 mm bis 2 000 \u00d7 1 600 mm<\/li>\n<li>Mit Flansch zum Anschlie\u00dfen an Kanalleitung<\/li>\n<li>Hergestellt aus verzinktem Blech<\/li>\n<li>Breite des Blattes 100 mm<\/li>\n<li>Einsetzbar auch in Umgebung mit Explosionsgefahr<\/li>\n<\/ul>\n<p>&nbsp;<\/p>\n<p>&nbsp;<\/p>\n","protected":false},"featured_media":794,"template":"","meta":[],"product_cat":[40,53],"product_tag":[],"_links":{"self":[{"href":"https:\/\/www.lacuna-air.de\/index.php?rest_route=\/wp\/v2\/product\/792"}],"collection":[{"href":"https:\/\/www.lacuna-air.de\/index.php?rest_route=\/wp\/v2\/product"}],"about":[{"href":"https:\/\/www.lacuna-air.de\/index.php?rest_route=\/wp\/v2\/types\/product"}],"wp:featuredmedia":[{"embeddable":true,"href":"https:\/\/www.lacuna-air.de\/index.php?rest_route=\/wp\/v2\/media\/794"}],"wp:attachment":[{"href":"https:\/\/www.lacuna-air.de\/index.php?rest_route=%2Fwp%2Fv2%2Fmedia&parent=792"}],"wp:term":[{"taxonomy":"product_cat","embeddable":true,"href":"https:\/\/www.lacuna-air.de\/index.php?rest_route=%2Fwp%2Fv2%2Fproduct_cat&post=792"},{"taxonomy":"product_tag","embeddable":true,"href":"https:\/\/www.lacuna-air.de\/index.php?rest_route=%2Fwp%2Fv2%2Fproduct_tag&post=792"}],"curies":[{"name":"wp","href":"https:\/\/api.w.org\/{rel}","templated":true}]}}