{"id":789,"date":"2018-06-13T16:16:54","date_gmt":"2018-06-13T16:16:54","guid":{"rendered":"http:\/\/luft-und-klimatechnik.lacuna-air.de\/?post_type=product&#038;p=789"},"modified":"2018-06-13T17:00:09","modified_gmt":"2018-06-13T17:00:09","slug":"rkm","status":"publish","type":"product","link":"https:\/\/www.lacuna-air.de\/?product=rkm","title":{"rendered":"RKM Regelklappe &#8211; eckig"},"content":{"rendered":"<h4><strong>Technische Dokumentation:<\/strong><\/h4>\n<p><a href=\"http:\/\/luft-und-klimatechnik.lacuna-air.de\/wp-content\/uploads\/2018\/06\/RKM-Technische-Dokumentation.pdf\">RKM Technische Dokumentation<\/a><\/p>\n","protected":false},"excerpt":{"rendered":"<div class=\"col-sm-12\">\n<h3><strong style=\"font-size: 16px;\">RKM<\/strong><span style=\"font-size: 16px;\">\u00a0\u2013 die eckige Regelklappe dient zur Regulierung des Luftstromes in einem L\u00fcftungskanal mittels Verengung des Querschnitts durch gegenl\u00e4ufige Klappenbl\u00e4tter. Sie ist nicht als luftdicht klassifiziert.<\/span><\/h3>\n<\/div>\n<div class=\"productDetailContent\">\n<div class=\"col-md-6 col-sm-8 text\">\n<ul class=\"first\">\n<li>Regulierung des Luftdurchflusses.<\/li>\n<li>Bedienung \u2013 manuell oder mittels Servoantriebs.<\/li>\n<li>Abmessung der Klappe von 200 \u00d7 200 mm<br \/>\nbis 2 000 \u00d7 2 000 mm.<\/li>\n<li>Hergestellt aus verzinktem Blech.<\/li>\n<\/ul>\n<ul>\n<li>Breite des Blattes 100 mm.<\/li>\n<li>Mit Flansch zum Anschlie\u00dfen an Kanalleitung.<\/li>\n<li>Einsetzbar auch in Umgebung mit Explosionsgefahr.<\/li>\n<\/ul>\n<\/div>\n<\/div>\n","protected":false},"featured_media":791,"template":"","meta":[],"product_cat":[40,53],"product_tag":[],"_links":{"self":[{"href":"https:\/\/www.lacuna-air.de\/index.php?rest_route=\/wp\/v2\/product\/789"}],"collection":[{"href":"https:\/\/www.lacuna-air.de\/index.php?rest_route=\/wp\/v2\/product"}],"about":[{"href":"https:\/\/www.lacuna-air.de\/index.php?rest_route=\/wp\/v2\/types\/product"}],"wp:featuredmedia":[{"embeddable":true,"href":"https:\/\/www.lacuna-air.de\/index.php?rest_route=\/wp\/v2\/media\/791"}],"wp:attachment":[{"href":"https:\/\/www.lacuna-air.de\/index.php?rest_route=%2Fwp%2Fv2%2Fmedia&parent=789"}],"wp:term":[{"taxonomy":"product_cat","embeddable":true,"href":"https:\/\/www.lacuna-air.de\/index.php?rest_route=%2Fwp%2Fv2%2Fproduct_cat&post=789"},{"taxonomy":"product_tag","embeddable":true,"href":"https:\/\/www.lacuna-air.de\/index.php?rest_route=%2Fwp%2Fv2%2Fproduct_tag&post=789"}],"curies":[{"name":"wp","href":"https:\/\/api.w.org\/{rel}","templated":true}]}}