{"id":642,"date":"2018-06-07T15:12:13","date_gmt":"2018-06-07T15:12:13","guid":{"rendered":"http:\/\/luft-und-klimatechnik.lacuna-air.de\/?post_type=product&#038;p=642"},"modified":"2018-06-13T13:31:36","modified_gmt":"2018-06-13T13:31:36","slug":"bsk-a-90-eckig","status":"publish","type":"product","link":"https:\/\/www.lacuna-air.de\/?product=bsk-a-90-eckig","title":{"rendered":"Brandschutzklappe BSK-B-90 eckig"},"content":{"rendered":"<h4><strong>Technische Dokumentation:<\/strong><\/h4>\n<p><a href=\"http:\/\/luft-und-klimatechnik.lacuna-air.de\/wp-content\/uploads\/2018\/06\/BSK-B-90-Technische-Dokumentation.pdf\">BSK-B-90 &#8211; Technische Dokumentation<\/a><\/p>\n<p>&nbsp;<\/p>\n<h4><strong>Zertifikate und Erkl\u00e4rungen:<\/strong><\/h4>\n<p><a href=\"http:\/\/luft-und-klimatechnik.lacuna-air.de\/wp-content\/uploads\/2018\/06\/konformitatszertifikat_bsk_b_90.pdf\">BSK-B-90 &#8211; \u00a0Zertifikat<\/a><br \/>\n<a href=\"http:\/\/luft-und-klimatechnik.lacuna-air.de\/wp-content\/uploads\/2018\/06\/hygienische_zertifikat.pdf\">BSK-B-90 &#8211; Hygienezertifikat<\/a><br \/>\n<a href=\"http:\/\/luft-und-klimatechnik.lacuna-air.de\/wp-content\/uploads\/2018\/06\/BSK-B-90_Leistungserklaerung.pdf\">BSK-B-90_Leistungserklaerung<\/a><br \/>\nBSK-B-90 &#8211; DIBT Zulassung<\/p>\n<p>&nbsp;<\/p>\n<h4><strong>Anleitung und Anderes:<\/strong><\/h4>\n<p><a href=\"http:\/\/luft-und-klimatechnik.lacuna-air.de\/wp-content\/uploads\/2018\/06\/montageanleitung_BSK_B_E.pdf\">BSK B 90-E Montageanleitung<\/a><br \/>\n<a href=\"http:\/\/luft-und-klimatechnik.lacuna-air.de\/wp-content\/uploads\/2018\/06\/montageanleitung_BSK_B_R.pdf\">BSK B 90-R Montageanleitung<\/a><\/p>\n","protected":false},"excerpt":{"rendered":"<p>Die Brandschutzklappe ist ein Abschluss einer lufttechnischen Anlage, die Ausbreitung eines Brandes und die Verbreitung der Gase, durch Unterbrechung des Luftstroms verhindert.<\/p>\n<ul>\n<li>Eckige Brandschutzklappen B x H, B = 160 bis 1000 mm; H = 160 bis 1000 mm, max. Querschnitt bis 0,5 m<sup>2<\/sup><\/li>\n<li>Runde Brandschutzklappen von D 160 mm bis 630 mm<\/li>\n<li>Brandschutzklappensteuerung \u2013 mechanisch oder mit Stellantrieb<\/li>\n<li>CE Zertifizierung: EN 15650<\/li>\n<li>Klassifizierung: EN 13501\u00ad-3+A1<\/li>\n<li>Brandpr\u00fcfung: EN 1366-\u00ad2<\/li>\n<li>Zyklen C 10 000: EN 15650<\/li>\n<li>Feuerwiderstandsklasse: EIS 90 (ve, ho, i \u2194 o) S<\/li>\n<li>Dichtheit gem\u00e4\u00df EN 1751: Klappengeh\u00e4use Klasse C \/ Klappenblatt Klasse 2<\/li>\n<li>Korrosionsbest\u00e4ndigkeit: EN 15650<\/li>\n<li>Betriebsdruck: max. 1 200 Pa<\/li>\n<li>Max. Luftstromgeschwindigkeit: 12 m\/s<\/li>\n<\/ul>\n<p>&nbsp;<\/p>\n<p>&nbsp;<\/p>\n<p>&nbsp;<\/p>\n<p>&nbsp;<\/p>\n","protected":false},"featured_media":573,"template":"","meta":[],"product_cat":[37],"product_tag":[],"_links":{"self":[{"href":"https:\/\/www.lacuna-air.de\/index.php?rest_route=\/wp\/v2\/product\/642"}],"collection":[{"href":"https:\/\/www.lacuna-air.de\/index.php?rest_route=\/wp\/v2\/product"}],"about":[{"href":"https:\/\/www.lacuna-air.de\/index.php?rest_route=\/wp\/v2\/types\/product"}],"wp:featuredmedia":[{"embeddable":true,"href":"https:\/\/www.lacuna-air.de\/index.php?rest_route=\/wp\/v2\/media\/573"}],"wp:attachment":[{"href":"https:\/\/www.lacuna-air.de\/index.php?rest_route=%2Fwp%2Fv2%2Fmedia&parent=642"}],"wp:term":[{"taxonomy":"product_cat","embeddable":true,"href":"https:\/\/www.lacuna-air.de\/index.php?rest_route=%2Fwp%2Fv2%2Fproduct_cat&post=642"},{"taxonomy":"product_tag","embeddable":true,"href":"https:\/\/www.lacuna-air.de\/index.php?rest_route=%2Fwp%2Fv2%2Fproduct_tag&post=642"}],"curies":[{"name":"wp","href":"https:\/\/api.w.org\/{rel}","templated":true}]}}