{"id":1634,"date":"2018-10-16T09:57:27","date_gmt":"2018-10-16T09:57:27","guid":{"rendered":"http:\/\/luft-und-klimatechnik.lacuna-air.de\/?post_type=product&#038;p=1634"},"modified":"2018-10-17T09:24:22","modified_gmt":"2018-10-17T09:24:22","slug":"lueftungskanaele","status":"publish","type":"product","link":"https:\/\/www.lacuna-air.de\/?product=lueftungskanaele","title":{"rendered":"Kan\u00e4le"},"content":{"rendered":"<h2>DIN EN 1507 f\u00fcr eckige Kan\u00e4le<\/h2>\n<table border=\"0\" width=\"90%\" cellspacing=\"0\" cellpadding=\"5\">\n<tbody>\n<tr>\n<td bgcolor=\"#CCCCCC\"><strong>Dichtheitsklasse<\/strong><\/td>\n<td bgcolor=\"#CCCCCC\"><\/td>\n<td bgcolor=\"#CCCCCC\"><strong>Druckklasse<\/strong><\/td>\n<td bgcolor=\"#CCCCCC\"><\/td>\n<td bgcolor=\"#CCCCCC\"><\/td>\n<\/tr>\n<tr>\n<td bgcolor=\"#efefef\"><\/td>\n<td bgcolor=\"#efefef\">1<\/td>\n<td bgcolor=\"#efefef\">2<\/td>\n<td bgcolor=\"#efefef\">3<\/td>\n<td bgcolor=\"#efefef\">4<\/td>\n<\/tr>\n<tr>\n<td>A<\/td>\n<td>400<\/td>\n<td>&#8211;<\/td>\n<td>&#8211;<\/td>\n<td>-200<\/td>\n<\/tr>\n<tr>\n<td bgcolor=\"#efefef\">B<\/td>\n<td bgcolor=\"#efefef\">400<\/td>\n<td bgcolor=\"#efefef\">1000<\/td>\n<td bgcolor=\"#efefef\">2000<\/td>\n<td bgcolor=\"#efefef\">-500<\/td>\n<\/tr>\n<tr>\n<td>C<\/td>\n<td>400<\/td>\n<td>1000<\/td>\n<td>2000<\/td>\n<td>-750<\/td>\n<\/tr>\n<tr>\n<td bgcolor=\"#efefef\">D<\/td>\n<td bgcolor=\"#efefef\">400<\/td>\n<td bgcolor=\"#efefef\">1000<\/td>\n<td bgcolor=\"#efefef\">2000<\/td>\n<td bgcolor=\"#efefef\">-750<\/td>\n<\/tr>\n<\/tbody>\n<\/table>\n<p>&nbsp;<\/p>\n<p>Entsprechend den o. g. Normen und Druckstufen fertigen wir in Abh\u00e4ngigkeit von der Kantenl\u00e4nge in den Blechst\u00e4rken 0,6 mm bis 1,2 mm bzw. nach DIN EN 1507<br \/>\nin Abh\u00e4ngigkeit von der Verformung der Kanalw\u00e4nde unter Unterdruck (Eindr\u00fccken) bzw. \u00dcberdruck (Ausbeulen).<\/p>\n<h2><\/h2>\n<h2>VDI 3803 f\u00fcr runde und eckige Luftleitungen: Blech (DIN EN 1507\/DIN EN 12237)<\/h2>\n<table border=\"0\" width=\"90%\" cellspacing=\"0\" cellpadding=\"5\">\n<tbody>\n<tr>\n<td bgcolor=\"#CCCCCC\"><strong>Bezeichnung<\/strong><\/td>\n<td bgcolor=\"#CCCCCC\"><strong>Kurzzeichen<\/strong><\/td>\n<td bgcolor=\"#CCCCCC\"><strong>Dr\u00fccke<\/strong><\/td>\n<td bgcolor=\"#CCCCCC\"><\/td>\n<\/tr>\n<tr>\n<td bgcolor=\"#efefef\">Niederdruck<\/td>\n<td bgcolor=\"#efefef\">N<\/td>\n<td bgcolor=\"#efefef\">1000<\/td>\n<td bgcolor=\"#efefef\">-500<\/td>\n<\/tr>\n<tr>\n<td>Mitteldruck<\/td>\n<td>M<\/td>\n<td>2000<\/td>\n<td>-750<\/td>\n<\/tr>\n<tr>\n<td bgcolor=\"#efefef\">Hochdruck<\/td>\n<td bgcolor=\"#efefef\">H<\/td>\n<td bgcolor=\"#efefef\">6000<\/td>\n<td bgcolor=\"#efefef\">-2500<\/td>\n<\/tr>\n<\/tbody>\n<\/table>\n<p>&nbsp;<\/p>\n<table border=\"0\" width=\"90%\" cellspacing=\"0\" cellpadding=\"5\">\n<tbody>\n<tr>\n<td bgcolor=\"#CCCCCC\"><strong>Einhaltung der empfohlenen Flanschgr\u00f6\u00dfen<\/strong><\/td>\n<td bgcolor=\"#CCCCCC\"><\/td>\n<td bgcolor=\"#CCCCCC\"><\/td>\n<td bgcolor=\"#CCCCCC\"><\/td>\n<\/tr>\n<tr>\n<td rowspan=\"3\" bgcolor=\"#efefef\">Druckklasse 1 (400 Pa)<\/td>\n<td bgcolor=\"#efefef\">Kantenl\u00e4nge<\/td>\n<td bgcolor=\"#efefef\">0 mm &#8211; 1000 mm<\/td>\n<td bgcolor=\"#efefef\">P20<\/td>\n<\/tr>\n<tr>\n<td bgcolor=\"#efefef\">Kantenl\u00e4nge<\/td>\n<td bgcolor=\"#efefef\">1001 mm &#8211; 2499 mm<\/td>\n<td bgcolor=\"#efefef\">P30<\/td>\n<\/tr>\n<tr>\n<td bgcolor=\"#efefef\">Kantenl\u00e4nge<\/td>\n<td bgcolor=\"#efefef\">2500 mm &#8211; x mm<\/td>\n<td bgcolor=\"#efefef\">P40<\/td>\n<\/tr>\n<tr>\n<td rowspan=\"3\">Druckklasse 2 (1000 Pa)<\/td>\n<td>Kantenl\u00e4nge<\/td>\n<td>0 mm &#8211; 850 mm<\/td>\n<td>P20<\/td>\n<\/tr>\n<tr>\n<td>Kantenl\u00e4nge<\/td>\n<td>851 mm &#8211; 2499 mm<\/td>\n<td>P30<\/td>\n<\/tr>\n<tr>\n<td>Kantenl\u00e4nge<\/td>\n<td>2500 mm &#8211; x mm<\/td>\n<td>P40<\/td>\n<\/tr>\n<tr>\n<td rowspan=\"3\" bgcolor=\"#efefef\">Druckklasse 3 (2000 Pa)<\/td>\n<td bgcolor=\"#efefef\">Kantenl\u00e4nge<\/td>\n<td bgcolor=\"#efefef\">0 mm &#8211; 750 mm<\/td>\n<td bgcolor=\"#efefef\">P20<\/td>\n<\/tr>\n<tr>\n<td bgcolor=\"#efefef\">Kantenl\u00e4nge<\/td>\n<td bgcolor=\"#efefef\">751 mm &#8211; 1999 mm<\/td>\n<td bgcolor=\"#efefef\">P30<\/td>\n<\/tr>\n<tr>\n<td bgcolor=\"#efefef\">Kantenl\u00e4nge<\/td>\n<td bgcolor=\"#efefef\">2000 mm &#8211; x mm<\/td>\n<td bgcolor=\"#efefef\">P40<\/td>\n<\/tr>\n<\/tbody>\n<\/table>\n<div class=\"col_1\"><\/div>\n<p><strong>Versteifung<\/strong><br \/>\nIn Abh\u00e4ngigkeit vom Betriebsdruck und Kantenl\u00e4nge durch Z-Sicke, Rohrversteifung, Gewindestange und Trennbleche.<\/p>\n<p>Angaben erfolgen unter Vorbehalt, technische \u00c4nderungen sind m\u00f6glich.<\/p>\n","protected":false},"excerpt":{"rendered":"<p>Luftkan\u00e4le und Formst\u00fccke verzinkt, Edelstahl und Aluminium in gefalzter Bauform:<\/p>\n<p>&nbsp;<\/p>\n<p><strong>Material Blech:<\/strong><br \/>\nLuftkan\u00e4le und Formst\u00fccke aus sendzimierverzinktem Stahlblech nach DIN 24190 \/ 24191 bzw. DIN EN 1505 \/ 1507. Form F, Abrechnung nach DIN 18379, mit RAS-Kanalfalz, Formteile mit Pittsburgh- oder Schnapp-Falz, alle Schlussverbindungen mit Profilrahmen und Winkel versehen, Winkelecken mit Dichtungsmasse ausgespritzt, jedoch ohne Verbindungs-, Dichtungs- und Aufh\u00e4nge- bzw. Befestigungsmaterial.<\/p>\n<p><strong>Material Edelstahl:<\/strong><br \/>\nL\u00fcftungskan\u00e4le und Formst\u00fccke aus V2A bzw. V4A in gefalzter und geschwei\u00dfter Ausf\u00fchrung\u00a0in den Blechst\u00e4rken 0,8 mm bis 1,0 mm. Falzverbindungen sind Schnappfalz und Eckfalz. Zur Verbindung der Kan\u00e4le werden Leichtprofilrahmen mittels Druckf\u00fcgung aufgebracht.<\/p>\n<p>Die Fertigung der geschwei\u00dften Ausf\u00fchrung erfolgt in den Blechst\u00e4rken 1,5 mm bis 3,0 mm. Die Auslegung der Winkeleisenrahmen erfolgt, wenn nicht anders vom Kunden vorgegeben, nach DIN 24193.<br \/>\nNach dem Schwei\u00dfen werden alle Teile standardm\u00e4\u00dfig gebeizt und passiviert. Weitere M\u00f6glichkeiten der Oberfl\u00e4chenbehandlung sind: Glasperlstrahlen, B\u00fcrsten, Schleifen, Lackieren und Pulverbeschichten.<\/p>\n<p><strong>Material Aluminium:<br \/>\n<\/strong>L\u00fcftungskan\u00e4le und Formst\u00fccke aus AlMg3 bzw. Al99,5 in gefalzter und geschwei\u00dfter Ausf\u00fchrung in den Blechst\u00e4rken 0,8 mm bis 1,5 mm. Falzverbindung ist der Pittburghfalz. Zur Verbindung der Kan\u00e4le werden Leichtprofilrahmen mittels Nieten angebracht.<\/p>\n<p>Die Fertigung der geschwei\u00dften Ausf\u00fchrung erfolgt in den Blechst\u00e4rken 2 mm bis 5,0 mm.\u00a0Die Auslegung der Winkeleisenrahmen erfolgt, wenn nicht anders vom Kunden vorgegeben, nach DIN 24193.<\/p>\n","protected":false},"featured_media":1646,"template":"","meta":[],"product_cat":[70,35,56],"product_tag":[],"_links":{"self":[{"href":"https:\/\/www.lacuna-air.de\/index.php?rest_route=\/wp\/v2\/product\/1634"}],"collection":[{"href":"https:\/\/www.lacuna-air.de\/index.php?rest_route=\/wp\/v2\/product"}],"about":[{"href":"https:\/\/www.lacuna-air.de\/index.php?rest_route=\/wp\/v2\/types\/product"}],"wp:featuredmedia":[{"embeddable":true,"href":"https:\/\/www.lacuna-air.de\/index.php?rest_route=\/wp\/v2\/media\/1646"}],"wp:attachment":[{"href":"https:\/\/www.lacuna-air.de\/index.php?rest_route=%2Fwp%2Fv2%2Fmedia&parent=1634"}],"wp:term":[{"taxonomy":"product_cat","embeddable":true,"href":"https:\/\/www.lacuna-air.de\/index.php?rest_route=%2Fwp%2Fv2%2Fproduct_cat&post=1634"},{"taxonomy":"product_tag","embeddable":true,"href":"https:\/\/www.lacuna-air.de\/index.php?rest_route=%2Fwp%2Fv2%2Fproduct_tag&post=1634"}],"curies":[{"name":"wp","href":"https:\/\/api.w.org\/{rel}","templated":true}]}}