{"id":1544,"date":"2018-09-17T13:44:57","date_gmt":"2018-09-17T13:44:57","guid":{"rendered":"http:\/\/luft-und-klimatechnik.lacuna-air.de\/?post_type=product&#038;p=1544"},"modified":"2018-09-17T14:34:48","modified_gmt":"2018-09-17T14:34:48","slug":"d5g-wetterschutzgitter","status":"publish","type":"product","link":"https:\/\/www.lacuna-air.de\/?product=d5g-wetterschutzgitter","title":{"rendered":"D5G Wetterschutzgitter"},"content":{"rendered":"<p><a href=\"http:\/\/luft-und-klimatechnik.lacuna-air.de\/wp-content\/uploads\/2018\/09\/d5_d5g.pdf\"  target=\"_blanc\"><img loading=\"lazy\" class=\"alignnone size-full wp-image-1192 alignright\" src=\"http:\/\/luft-und-klimatechnik.lacuna-air.de\/wp-content\/uploads\/2018\/07\/dokumentation.jpg\" alt=\"\" width=\"79\" height=\"100\" \/><\/a><\/p>\n<p style=\"text-align: right;\"><strong><a href=\"http:\/\/luft-und-klimatechnik.lacuna-air.de\/wp-content\/uploads\/2018\/09\/d5_d5g.pdf\"  target=\"_blanc\">Produktdatenblatt<\/a><\/strong><\/p>\n<table class=\"type2col\">\n<tbody>\n<tr>\n<td>Material Gitter:<\/td>\n<td>Edelstahl (304\/2b)<\/td>\n<\/tr>\n<tr>\n<td>Material Dichtungsband:<\/td>\n<td>synthetischem Schaumstoff<\/td>\n<\/tr>\n<tr>\n<td>Durchmesserbereich:<\/td>\n<td>100-150 mm<\/td>\n<\/tr>\n<tr>\n<td>Aussehen:<\/td>\n<td>geb\u00fcrsteter Edelstahl<\/td>\n<\/tr>\n<\/tbody>\n<\/table>\n","protected":false},"excerpt":{"rendered":"<p>Die\u00a0<b>D5G Wetterschutzgitter<\/b>\u00a0hat ein sch\u00f6nes Design mit einem geneigten Frontgitter f\u00fcr Abluft, die Jalousie hilft um R\u00fcckschlag vom Luft zu steuern und das Eindringen von Wasser zu verhindern. Die Jalousie wird bei \u00dcberdruck ge\u00f6ffnet.<\/p>\n<p>Das Gitter mit beweglichen Leitschaufeln ist extrem solide und aus hochwertigem\u00a0<b>304\/2B<\/b>\u00a0Edelstahl. Die beweglichen Leitschaufeln sind bei \u00dcberdruck ge\u00f6ffnet und helfen, den R\u00fcckschlag von Luft zu steuern und das Eindringen von Wasser zu verhindern. Die\u00a0<b>D5G<\/b>\u00a0hat rundem Anschlussstutzen.<\/p>\n<h4>Produkteigenschaften<\/h4>\n<ul>\n<li class=\"double-arrow\">Edelstahl-Konstruktion zur WandMontage<\/li>\n<li class=\"double-arrow\">Mit rundem Anschlussstutzen<\/li>\n<li class=\"double-arrow\">Geeignet f\u00fcr Haushalts- und kommerzielle Abluftanwendungen<\/li>\n<li><\/li>\n<li class=\"double-arrow\"><\/li>\n<\/ul>\n<h4>Konstruktion<\/h4>\n<p>Das Gitter ist aus rostfreiem Edelstahl (typ 304\/2b) hergestellt.<\/p>\n","protected":false},"featured_media":1547,"template":"","meta":[],"product_cat":[65,51],"product_tag":[],"_links":{"self":[{"href":"https:\/\/www.lacuna-air.de\/index.php?rest_route=\/wp\/v2\/product\/1544"}],"collection":[{"href":"https:\/\/www.lacuna-air.de\/index.php?rest_route=\/wp\/v2\/product"}],"about":[{"href":"https:\/\/www.lacuna-air.de\/index.php?rest_route=\/wp\/v2\/types\/product"}],"wp:featuredmedia":[{"embeddable":true,"href":"https:\/\/www.lacuna-air.de\/index.php?rest_route=\/wp\/v2\/media\/1547"}],"wp:attachment":[{"href":"https:\/\/www.lacuna-air.de\/index.php?rest_route=%2Fwp%2Fv2%2Fmedia&parent=1544"}],"wp:term":[{"taxonomy":"product_cat","embeddable":true,"href":"https:\/\/www.lacuna-air.de\/index.php?rest_route=%2Fwp%2Fv2%2Fproduct_cat&post=1544"},{"taxonomy":"product_tag","embeddable":true,"href":"https:\/\/www.lacuna-air.de\/index.php?rest_route=%2Fwp%2Fv2%2Fproduct_tag&post=1544"}],"curies":[{"name":"wp","href":"https:\/\/api.w.org\/{rel}","templated":true}]}}