{"id":1518,"date":"2018-09-17T11:12:18","date_gmt":"2018-09-17T11:12:18","guid":{"rendered":"http:\/\/luft-und-klimatechnik.lacuna-air.de\/?post_type=product&#038;p=1518"},"modified":"2018-09-17T14:44:34","modified_gmt":"2018-09-17T14:44:34","slug":"dtvb-zuluftventil","status":"publish","type":"product","link":"https:\/\/www.lacuna-air.de\/?product=dtvb-zuluftventil","title":{"rendered":"DTVB Zuluftventil"},"content":{"rendered":"<p><a href=\"http:\/\/luft-und-klimatechnik.lacuna-air.de\/wp-content\/uploads\/2018\/09\/dtvb.pdf\" target=\"_blanc\"><img loading=\"lazy\" class=\"alignnone size-full wp-image-1192 alignright\" src=\"http:\/\/luft-und-klimatechnik.lacuna-air.de\/wp-content\/uploads\/2018\/07\/dokumentation.jpg\" alt=\"\" width=\"79\" height=\"100\" \/><\/a><\/p>\n<p style=\"text-align: right;\"><strong><a href=\"http:\/\/luft-und-klimatechnik.lacuna-air.de\/wp-content\/uploads\/2018\/09\/dtvb.pdf\" target=\"_blanc\">Produktdatenblatt<\/a><\/strong><\/p>\n<table class=\"type2col\">\n<tbody>\n<tr>\n<td>Material Ventil:<\/td>\n<td>galvanisiertes Stahlblech<\/td>\n<\/tr>\n<tr>\n<td>Korrosionsschutz:<\/td>\n<td>Pulverbeschichtung<\/td>\n<\/tr>\n<tr>\n<td>Durchmesserbereich:<\/td>\n<td>100-125 mm<\/td>\n<\/tr>\n<tr>\n<td>Aussehen:<\/td>\n<td>wei\u00df (ral 9010)<\/td>\n<\/tr>\n<\/tbody>\n<\/table>\n","protected":false},"excerpt":{"rendered":"<p>Die Designventil\u00a0<b>DTVB<\/b>\u00a0ist ein sehr ger\u00e4uscharmes Zuluftventil. Das Decken- Zuluftventil eignet sich f\u00fcr kleinere R\u00e4ume, beispielsweise B\u00fcros, Wohngeb\u00e4ude oder Hotelzimmer. Die durch das Zuluftventil ausstr\u00f6mende Luft wird mit der Raumluft gut vermischt, so dass eine zugfreie Zuluftzuf\u00fchrung gew\u00e4hrleistet ist. Die Richtung der Luftverteilung und der Volumenstrom sind einstellbar.<\/p>\n<p>Das Zuluftventil verursacht aufgrund seiner Form keine Staubabs\u00e4tze an der Decke. Durch seine grossen, glatten Fl\u00e4chen ist das Zuluftventil leicht sauber zu halten.<\/p>\n<h4>Produkteigenschaften<\/h4>\n<ul>\n<li class=\"double-arrow\">Gute, zugfreie Durchmischung der Zuluft<\/li>\n<li class=\"double-arrow\">Minimale Risiko Staubabs\u00e4tze<\/li>\n<li class=\"double-arrow\">Leicht zu reinigen<\/li>\n<\/ul>\n<h4>Konstruktion<\/h4>\n<p>Die\u00a0<b>DTVB<\/b>\u00a0Ventile sind aus einem pulverbeschichteten Stahlblech, welches eine hohe Oberfl\u00e4cheng\u00fcte und ein gute Schlagfestigkeit sowie Kratzbest\u00e4ndigkeit aufweist, hergestellt.<\/p>\n<p>Die Standardfarbe ist Wei\u00df (RAL 9010). Andere Farben auf Anfrage mit einer Mindestbestellmenge und unterschiedliche Lieferzeiten.<\/p>\n","protected":false},"featured_media":1521,"template":"","meta":[],"product_cat":[64,51],"product_tag":[],"_links":{"self":[{"href":"https:\/\/www.lacuna-air.de\/index.php?rest_route=\/wp\/v2\/product\/1518"}],"collection":[{"href":"https:\/\/www.lacuna-air.de\/index.php?rest_route=\/wp\/v2\/product"}],"about":[{"href":"https:\/\/www.lacuna-air.de\/index.php?rest_route=\/wp\/v2\/types\/product"}],"wp:featuredmedia":[{"embeddable":true,"href":"https:\/\/www.lacuna-air.de\/index.php?rest_route=\/wp\/v2\/media\/1521"}],"wp:attachment":[{"href":"https:\/\/www.lacuna-air.de\/index.php?rest_route=%2Fwp%2Fv2%2Fmedia&parent=1518"}],"wp:term":[{"taxonomy":"product_cat","embeddable":true,"href":"https:\/\/www.lacuna-air.de\/index.php?rest_route=%2Fwp%2Fv2%2Fproduct_cat&post=1518"},{"taxonomy":"product_tag","embeddable":true,"href":"https:\/\/www.lacuna-air.de\/index.php?rest_route=%2Fwp%2Fv2%2Fproduct_tag&post=1518"}],"curies":[{"name":"wp","href":"https:\/\/api.w.org\/{rel}","templated":true}]}}