{"id":1429,"date":"2018-07-20T09:56:22","date_gmt":"2018-07-20T09:56:22","guid":{"rendered":"http:\/\/luft-und-klimatechnik.lacuna-air.de\/?post_type=product&#038;p=1429"},"modified":"2018-07-20T10:01:00","modified_gmt":"2018-07-20T10:01:00","slug":"edelstahl-spannringe","status":"publish","type":"product","link":"https:\/\/www.lacuna-air.de\/?product=edelstahl-spannringe","title":{"rendered":"Edelstahl-Spannringe"},"content":{"rendered":"<p style=\"text-align: right;\"><strong>Produktdatenblatt\u00a0<\/strong><a href=\"http:\/\/luft-und-klimatechnik.lacuna-air.de\/wp-content\/uploads\/2018\/07\/SPANNRINGE-1.pdf\" target=\"_blanc\"><img loading=\"lazy\" class=\"size-full wp-image-1192 alignright\" src=\"http:\/\/luft-und-klimatechnik.lacuna-air.de\/wp-content\/uploads\/2018\/07\/dokumentation.jpg\" alt=\"\" width=\"79\" height=\"100\" \/><\/a><\/p>\n<p>&nbsp;<\/p>\n<p>&nbsp;<\/p>\n<p>&nbsp;<\/p>\n","protected":false},"excerpt":{"rendered":"<ul>\n<li>Durchmesser: \u00f880 \u2013 \u00f8300 mm<\/li>\n<li>zweiteilig<\/li>\n<li>Edelstahl<\/li>\n<\/ul>\n<p>EPDM Gummiringe sind als optionales Zubeh\u00f6r f\u00fcr die Abdichtung von Komponenten mit einem Durchmesser von \u00f880 &#8211; \u00f8500 mm erh\u00e4ltlich.<br \/>\nLieferung im Plastikbeutel \u00e0 10 St\u00fcck.<br \/>\nJeder Beutel enth\u00e4lt au\u00dferdem die f\u00fcr die Montage erforderlichen Muttern und Schrauben.<\/p>\n","protected":false},"featured_media":1353,"template":"","meta":[],"product_cat":[55,62],"product_tag":[],"_links":{"self":[{"href":"https:\/\/www.lacuna-air.de\/index.php?rest_route=\/wp\/v2\/product\/1429"}],"collection":[{"href":"https:\/\/www.lacuna-air.de\/index.php?rest_route=\/wp\/v2\/product"}],"about":[{"href":"https:\/\/www.lacuna-air.de\/index.php?rest_route=\/wp\/v2\/types\/product"}],"wp:featuredmedia":[{"embeddable":true,"href":"https:\/\/www.lacuna-air.de\/index.php?rest_route=\/wp\/v2\/media\/1353"}],"wp:attachment":[{"href":"https:\/\/www.lacuna-air.de\/index.php?rest_route=%2Fwp%2Fv2%2Fmedia&parent=1429"}],"wp:term":[{"taxonomy":"product_cat","embeddable":true,"href":"https:\/\/www.lacuna-air.de\/index.php?rest_route=%2Fwp%2Fv2%2Fproduct_cat&post=1429"},{"taxonomy":"product_tag","embeddable":true,"href":"https:\/\/www.lacuna-air.de\/index.php?rest_route=%2Fwp%2Fv2%2Fproduct_tag&post=1429"}],"curies":[{"name":"wp","href":"https:\/\/api.w.org\/{rel}","templated":true}]}}