{"id":171,"date":"2018-05-16T13:31:11","date_gmt":"2018-05-16T13:31:11","guid":{"rendered":"http:\/\/luft-und-klimatechnik.lacuna-air.de\/?page_id=171"},"modified":"2018-09-25T11:03:30","modified_gmt":"2018-09-25T11:03:30","slug":"taschenfilter","status":"publish","type":"page","link":"https:\/\/www.lacuna-air.de\/?page_id=171","title":{"rendered":"L\u00fcftungstechnik &#038; L\u00fcftungskomponenten"},"content":{"rendered":"<p><img loading=\"lazy\" class=\"alignnone wp-image-1477 size-full\" src=\"http:\/\/luft-und-klimatechnik.lacuna-air.de\/wp-content\/uploads\/2018\/07\/lufttechnik.jpg\" alt=\"\" width=\"961\" height=\"780\" srcset=\"https:\/\/www.lacuna-air.de\/wp-content\/uploads\/2018\/07\/lufttechnik.jpg 961w, https:\/\/www.lacuna-air.de\/wp-content\/uploads\/2018\/07\/lufttechnik-300x243.jpg 300w, https:\/\/www.lacuna-air.de\/wp-content\/uploads\/2018\/07\/lufttechnik-768x623.jpg 768w, https:\/\/www.lacuna-air.de\/wp-content\/uploads\/2018\/07\/lufttechnik-600x487.jpg 600w\" sizes=\"(max-width: 961px) 100vw, 961px\" \/><\/p>\n<p>Luftdurchflussregelung, elastische Stutzen zur Verhinderung dynamischer Kraft\u00fcbertragung, \u00dcberdruckjalosieklappen und Lautst\u00e4rkenminimierung durch Schalld\u00e4mpfer pr\u00e4gen unsere Produkte in der Lufttechnik.<\/p>\n<p>Verteilungselemente, wie Anemostate, Luftausl\u00e4sse, D\u00fcsen und Ventile sind Endelemente der Lufttechnik und werden f\u00fcr Zu oder Abluft eingesetzt und komplettieren unsere Produktpalette.<br \/>\nWir sind Wiederverk\u00fcfer, aber auch Hersteller.<\/p>\n<p><a href=\"http:\/\/luft-und-klimatechnik.lacuna-air.de\/?product_cat=lueftungstechnik\">Besuchen Sie unsere Produktpalette zur L\u00fcftungstechnik.<\/a><\/p>\n<p>Gepresste Formst\u00fccke, Wickelfalzrohre, Segeltuchstutzen, teils in unserem Haus hergestellt bieten Ihnen ein breites Sortiment.<\/p>\n<p><a href=\"http:\/\/luft-und-klimatechnik.lacuna-air.de\/?product_cat=lueftungskomponenten\">Besuchen Sie unsere Produktpalette zu unseren L\u00fcftungskomponenten.<\/a><\/p>\n","protected":false},"excerpt":{"rendered":"<p>Luftdurchflussregelung, elastische Stutzen zur Verhinderung dynamischer Kraft\u00fcbertragung, \u00dcberdruckjalosieklappen und Lautst\u00e4rkenminimierung durch Schalld\u00e4mpfer pr\u00e4gen unsere Produkte in der Lufttechnik. Verteilungselemente, wie Anemostate, Luftausl\u00e4sse, D\u00fcsen und Ventile sind Endelemente der Lufttechnik und werden f\u00fcr Zu oder Abluft eingesetzt und komplettieren unsere Produktpalette. Wir sind Wiederverk\u00fcfer, aber auch Hersteller. Besuchen Sie unsere Produktpalette zur L\u00fcftungstechnik. Gepresste Formst\u00fccke, Wickelfalzrohre, Segeltuchstutzen, teils in unserem Haus hergestellt bieten Ihnen ein breites Sortiment. Besuchen Sie unsere Produktpalette zu unseren L\u00fcftungskomponenten.<\/p>\n","protected":false},"author":2,"featured_media":184,"parent":0,"menu_order":0,"comment_status":"closed","ping_status":"closed","template":"","meta":[],"_links":{"self":[{"href":"https:\/\/www.lacuna-air.de\/index.php?rest_route=\/wp\/v2\/pages\/171"}],"collection":[{"href":"https:\/\/www.lacuna-air.de\/index.php?rest_route=\/wp\/v2\/pages"}],"about":[{"href":"https:\/\/www.lacuna-air.de\/index.php?rest_route=\/wp\/v2\/types\/page"}],"author":[{"embeddable":true,"href":"https:\/\/www.lacuna-air.de\/index.php?rest_route=\/wp\/v2\/users\/2"}],"replies":[{"embeddable":true,"href":"https:\/\/www.lacuna-air.de\/index.php?rest_route=%2Fwp%2Fv2%2Fcomments&post=171"}],"version-history":[{"count":16,"href":"https:\/\/www.lacuna-air.de\/index.php?rest_route=\/wp\/v2\/pages\/171\/revisions"}],"predecessor-version":[{"id":1625,"href":"https:\/\/www.lacuna-air.de\/index.php?rest_route=\/wp\/v2\/pages\/171\/revisions\/1625"}],"wp:featuredmedia":[{"embeddable":true,"href":"https:\/\/www.lacuna-air.de\/index.php?rest_route=\/wp\/v2\/media\/184"}],"wp:attachment":[{"href":"https:\/\/www.lacuna-air.de\/index.php?rest_route=%2Fwp%2Fv2%2Fmedia&parent=171"}],"curies":[{"name":"wp","href":"https:\/\/api.w.org\/{rel}","templated":true}]}}